-4*(15/(-12))/o. Determine q(f).
-2
Let v(j) = -j**2 + j - 5. Let n(w) = w**2 - w + 5. Let g(a) = 4*n(a) + 5*v(a). Let t be (-12)/9 - (-2)/6. Let s be 0/t*5/10. Calculate g(s).
-5
Let u = 9 - 7. Let f be ((-3)/u)/(9/(-18)). Let w(v) = -v + 3. What is w(f)?
0
Let t(j) = -2*j + 2. Let a(z) = -1 - 2 + 2. Let f(h) = 5*a(h) + t(h). Calculate f(-3).
3
Suppose 0 = 4*o + 3*a - 22, -3*o - 5*a + 30 = 2*o. Let b(z) = -4*z + 1 + o*z + 5*z - z**2. What is b(4)?
5
Let v(s) = -s - 1. Let w be (-2 + 6)/(-2) + -1. Let h = w - -8. Determine v(h).
-6
Suppose -p + 8 - 1 = 0. Let k(o) = -o**2 + 8*o - 8. Determine k(p).
-1
Let d(n) = n**3 + 2*n**2 + n + 1. Let r(q) = -q**2 + 6*q - 1. Let y be r(6). Let s = -4 - y. Determine d(s).
-11
Suppose 15*m - 28 = 32. Let y(s) = 2*s + 3. Let i(g) = 5*g + 8. Let k(t) = -3*i(t) + 8*y(t). What is k(m)?
4
Let f = 28 - 28. Let j(h) = -h - 16. Give j(f).
-16
Let o(z) = 5 - 8*z - 2 + z**2 + 2. Suppose 0 = -15*v - 3*v + 108. Determine o(v).
-7
Let h be ((-4)/(-6))/((-2)/(-3)). Let w(q) = 14*q + 5. Let z(u) = 7*u + 3. Let s(b) = 4*w(b) - 7*z(b). What is s(h)?
6
Let j(r) = r + 12. Let z(n) = -n - 13. Let p(s) = 6*j(s) + 5*z(s). What is p(-6)?
1
Let w(r) = r**2 + r**2 - r**2 + 5 - 2*r**2 + 5*r. Suppose 34 = 5*d + 2*u, -4*u - 4 = -2*d - 0*u. What is w(d)?
-1
Let d = -7 + 2. Let i(g) be the second derivative of -2*g**2 + 0 + 1/20*g**5 + 1/3*g**4 + 2*g - 5/6*g**3. Give i(d).
-4
Let q = 0 - 2. Let a = q + -3. Let h(l) = -l**2 - 3*l - 1. Calculate h(a).
-11
Suppose 10*m - 109 = -39. Let y(a) be the third derivative of a**4/24 - 2*a**3 + 2*a**2. Give y(m).
-5
Suppose -2*j = 5*x - 16, 2*j - 2*x - 5 = -3. Let g(b) = -26 - 3*b**3 + 25 + 0*b**j. Calculate g(1).
-4
Let r(w) = w**2 + w - 2. Let g be r(2). Suppose 0*f = -4*z + 3*f + 3, -9 = -5*z + 2*f. Let o(y) = 6 - g*y + y - 4*y + y**z + 0 - 3*y**2. Calculate o(4).
-6
Let o(w) = -4*w**3 - w**2. Let p be o(-1). Let f(l) = -4*l - 4*l + 9*l + 0 - p. Calculate f(4).
1
Let t(d) = d**3 - 4*d**2 - d - 2. Let x(g) = g**2 - 12*g + 24. Let w be x(10). Determine t(w).
-6
Suppose -323*q = -319*q + 24. Let d(i) be the second derivative of i**3/6 + 4*i**2 - i. Give d(q).
2
Let l(k) = -k**3 - k + 6. Suppose 0 = -0*p + 4*p + 8. Let c be ((-4)/p + -2)/(-1). Suppose -u - 3*u = c. Give l(u).
6
Let b = -11 - -15. Suppose 0 = b*x + 6 - 2. Let j(m) = m - 1. Let o(t) = -3*t + 7. Let q(s) = -6*j(s) - o(s). What is q(x)?
2
Let c(y) = y**3 - y**2 + 1. Let z(q) = -q**3 - 2. Let h(s) = 5*c(s) + 4*z(s). What is h(5)?
-3
Let r(q) = -q**2 - 2*q + 3. Suppose -4*a = 2 - 6. Suppose -w - a - 3 = 0. Calculate r(w).
-5
Suppose -v + 3*a = 17, -13 = 4*v - 3*a + 2*a. Let k(m) = 2*m. Let x be k(v). Let g(r) = r + 7. Let c(j) = j + 6. Let n(u) = -5*c(u) + 4*g(u). Determine n(x).
2
Let s(d) = -d - 2. Let v(o) = 2*o - 5*o**2 + 2*o**2 - 1 - 2*o - o. Let z be v(-1). Give s(z).
1
Let w(m) = m**3 + 2*m**2 + 3*m. Let i(c) = -5*c**3 - 8*c**2 - 13*c. Let r(j) = -2*i(j) - 9*w(j). What is r(-1)?
-2
Let z(m) = 4 - 4*m - 1 + 3*m + 2. Calculate z(6).
-1
Let u(g) be the second derivative of -1/20*g**5 + 1/2*g**3 - 2*g + 5/2*g**2 + 0 + 1/4*g**4. Suppose 4 = 4*d + 5*r - 8*r, 0 = -4*d - 4*r + 32. What is u(d)?
1
Let j(t) be the third derivative of t**4/12 + 2*t**2. Suppose v - 8 = -v. Calculate j(v).
8
Let p(s) = 2*s**3 - s**2 - 2. Let h(j) = j**3 - 6*j**2 + 4*j + 7. Let k be h(5). Determine p(k).
10
Let y(a) = a + 3. Let o = -8 - -13. Suppose -10 = o*i + 15. What is y(i)?
-2
Let w(t) = 2*t - 2. Let x be (-5 + 2 + -1)/(-1). Suppose d - 4*d - 4 = -2*q, -5*d - x*q = 14. Determine w(d).
-6
Let n(l) = -l**2 - 6*l + 8. Let t be (-132)/18 - 1/(-3). Let y be n(t). Let z(u) = -3 - 5*u + 2 - y - u**2. Determine z(-4).
2
Let v(r) = r**2 + 8*r + 6. Let l(z) = z**2 + 7*z + 5. Let d(p) = -7*l(p) + 6*v(p). Determine d(-3).
-5
Let k(w) = -w**3 + 2*w**2 + 2*w - 1. Suppose -c + 2*t - 28 = 0, 0 = 3*c - t + 3*t + 44. Let v be ((-6)/(-9))/((-4)/c). Determine k(v).
-4
Let j(c) = 2*c**2 - c**2 + c - 2*c**2. Let f(m) = 6*m**2 - 6*m. Let o(w) = -f(w) - 5*j(w). Give o(0).
0
Let i(t) be the second derivative of t**3/3 + 4*t**2 - 9*t. Calculate i(6).
20
Let j(y) be the first derivative of -y**5/60 + y**4/6 - y**3 - 3. Let c(d) be the third derivative of j(d). What is c(4)?
-4
Let g be 2/(2/(-1)) - -5. Suppose -3*m = -g*n - 1, -4 = -0*m + 2*m - 5*n. Let j(o) = -o**3 + 3*o**2 + o - 4. Calculate j(m).
-1
Let v(p) = 7*p**3 + 2*p**2 + 2*p + 3. Let w(y) = -8*y**3 - 2*y**2 - 2*y - 4. Let o(z) = 3*v(z) + 2*w(z). Calculate o(-1).
-4
Suppose 3*h - w - 20 = 0, -4*h + 2*w + 23 = -3*w. Let p(s) = -s**3 + 6*s**2 + 6*s. Determine p(h).
-7
Suppose 4*k - 24 = -0. Let g(s) = -s + 1. What is g(k)?
-5
Suppose 3*g - 62 + 5 = 0. Let b = g - 17. Let n(j) = 2*j**2 - j. Determine n(b).
6
Let n(k) = 4 + k**2 + 7*k - 5 - 9*k**2 + 0 + k**3. What is n(7)?
-1
Let r(a) = a + 3 - 7*a + 9*a. Let n(x) = 2*x + 4. Let b(z) = -4*n(z) + 3*r(z). Give b(0).
-7
Let z(n) = n + 7. Suppose -160*i + 25 = -165*i. Give z(i).
2
Let b(h) = 2*h + 1 + 0 - 4 - 3*h. Calculate b(-3).
0
Let g(j) be the first derivative of -j**4/4 - 4*j**3/3 - j**2 - 3*j - 3. Let l = 3 + 3. Suppose 0 = -5*o + 2*f - 9, 3*f = 4*o + o + l. What is g(o)?
-6
Let y be 2/2 + -2 + -4. Let a = y - -8. Let i(l) = 3*l + 4. Let d(n) = -n - 2. Let x(p) = -5*d(p) - 2*i(p). Determine x(a).
-1
Suppose -5*v + 15 = 0, -2*r = 2*r - 3*v + 1. Let d(z) = r + z - 2*z + 0*z. Calculate d(-3).
5
Let x(j) = 7*j**2 - 2*j + 1. Let y = 22 + -23. Let r(w) = -2*w - 1. Let h be r(y). What is x(h)?
6
Let o(s) = -2 - 2*s + 3*s + 1 - 2. Let t be o(7). Let a(m) = 0*m**2 - 3*m**2 - m - 2 + t*m**2. Calculate a(0).
-2
Let w(q) = -5*q**2 - 7 + 4*q**2 + 3*q + q**2 + q**2. Give w(-6).
11
Let f(n) = -n - 2. Suppose 0 = -3*w + 19 - 19. Calculate f(w).
-2
Suppose 0 = -5*a + 2*o + 16, 0*o + 2*o = -3*a. Suppose -a*k = -3*k + z, 0 = -2*k + 5*z + 12. Let v(w) = w**2 + 5*w + 2. Calculate v(k).
-2
Let x be (-1 - (-3)/6)*-4. Suppose 0 = 2*v - 5*m + 7, -2*v + 4 + 7 = m. Let b(l) = -5*l**2 - 3. Let k(j) = 4*j**2 + 2. Let q(g) = v*k(g) + 3*b(g). What is q(x)?
3
Let a(r) = -5*r + 14. Let u(f) = -6*f + 15. Let j(w) = -5*a(w) + 4*u(w). What is j(0)?
-10
Suppose -25 = 3*d + 2*d - 3*z, 2*d + 10 = -z. Let m(r) = -4 + 0*r + 3*r + 11. Determine m(d).
-8
Let h(t) = -t**3 - t**2 + 4. Let z(a) = -a**2 + 2*a - 1. Let l be -1 + 2 + 2 + 0. Suppose l = -0*x + 3*x. Let r be z(x). Determine h(r).
4
Let q(s) be the third derivative of s**6/120 - s**5/12 - 5*s**4/24 - s**3/3 + 5*s**2. Let z be q(6). Let k(w) = 19 - 22 + w + 0*w - z*w. What is k(-3)?
6
Let v(f) = f**3 + 6*f**2 + 5*f + 3. Let r be v(-5). Let d(h) = 5*h**2 - 3*h - 5 - 3*h**3 + h**r + 3*h**3. Suppose b = -0*b - 5. Calculate d(b).
10
Let c(j) be the second derivative of -j**5/20 + j**4/6 + 2*j**3/3 - j**2 - j. Suppose 56 = 2*v - 2. Suppose -v = 2*x - 35. Give c(x).
1
Let r(l) = -l - l + 5 + 3*l. Determine r(-6).
-1
Let a(l) = l**2 - 4. Let k(u) = -u**2 - 5*u - 3. Let t be k(-2). Determine a(t).
5
Let o(f) = -2 - 26*f - 2 + 23*f. Suppose 0*z = 5*z + 15. Calculate o(z).
5
Let f = 3 - -1. Let l = 3 - f. Let i(s) = 7*s + 1. Give i(l).
-6
Let l(f) = f**3 + 4*f**2 - 4*f + 7. Let h(g) = -2*g**3 - 2*g**2 + 1. Let u be h(1). Let w be u + 3 + 5/(-1). Determine l(w).
2
Suppose 2*n + n - 9 = 0. Suppose -n*l + 1 + 11 = 0. Let v(d) = d**3 - 5*d**2 + 4*d - 3. What is v(l)?
-3
Let r(g) = g**2 - 4*g + 1. Let i be r(5). Suppose 3 - i = -b. Let h(k) = b*k - 4*k + 1 + 1. Give h(-2).
4
Let o be (-14)/6 + 2/(-3). Let x(g) be the third derivative of -1/2*g**3 - 1/8*g**4 + 4*g**2 - 1/120*g**6 + 0*g - 1/15*g**5 + 0. Give x(o).
-3
Let c be ((-9)/3 - -5)/(1 - 0). Let v(z) = 6*z**2 - 2. Give v(c).
22
Let m(c) = c**3 - 3*c**2 + 3*c + 2. Let o(r) = r**3 - r**2 + 6. Let y be o(0). Suppose -8*t + 6 = -y*t. Calculate m(t).
11
Let h(v) be the third derivative of v**6/120 + 2*v**5/15 - v**4/24 - 7*v**3/6 - v**2 + v. Determine h(-8).
1
Let d(v) = v**3 - 5*v**2 + v - 6. Let q = -9 - -13. Suppose -9 = -5*b - q*n, n + 24 = 6*b - 2*b. Give d(b).
-1
Suppose 4*z - 2*z = 4*z. Let x(y) = -y**3 + y**2 - y + 2. Calculate x(z).
2
Suppose s - 18 = -3*d + 6, 0 = d + 4*s - 19. Let t(u) = -d*u - 3 - 4 + 3 + 5. Give t(1).
-6
Suppose 6*a - 8 = 2*a. Let t(r) = -r**2 - 2*r**2 + r**a + 2 + 3*r**2. Calculate t(2).
6
